t g(t) = 5*t**2 + 3*t - 27. Suppose -5*d - 23 = -4*p, -2*d + d - 9 = -3*p. Suppose 2*l - 5*n = -p*l + 37, n - 31 = -4*l. Is g(l) prime?
True
Let g = -27802 - -54707. Is g a composite number?
True
Let s = -6 + 9. Suppose -127899 = -s*l - 6*l. Is l/21 + 6/21 prime?
True
Suppose 3*b - 3116995 = -2*h, -65*b = -79*b - h + 14545910. Is b composite?
True
Suppose 49*r - 13*r - 2283084 = 0. Is r a prime number?
True
Suppose 2621 - 2646 = 5*s, 0 = -4*d - 5*s + 231267. Is d a prime number?
False
Let p(c) = c**2 + 8*c + 4. Let n be p(-7). Is (-6952)/n + 8/(-24) a composite number?
True
Suppose 0 = i + 3*i - 212. Let z be -2 + 0 + i*8. Suppose q + z = 3*q. Is q composite?
False
Let z = -322 - -251. Let r = z + 1530. Is r a composite number?
False
Let u = 55587 - 27160. Suppose a - g = u, -a + 29127 = 4*g + 690. Is a a composite number?
False
Let f = -18 - -26. Suppose -4*s = -0*v + 4*v - f, -1 = 3*s - 4*v. Suppose -2*i + 343 - 55 = -2*w, 0 = w - s. Is i prime?
False
Let x = 49 - 36. Is -5 + x/3 - 6161/(-3) composite?
False
Suppose 7*z - 8220 = 17*z. Let h = z + 1385. Let p = h - 330. Is p prime?
True
Let g = 534 + -514. Is (17555/10)/(10/g) composite?
False
Suppose -3*n + 4*i = -5878, 2*n + i - 5873 = -n. Let v(u) = -u**3 + 29*u**2 - 44*u + 12. Let j be v(29). Let s = j + n. Is s prime?
False
Is 47451/9*(-18)/12*-2 composite?
False
Let s = -88 + 81. Let p(j) = -j**3 - 6*j**2 + 6*j - 7. Let u be p(s). Suppose u = -m + 2153 + 362. Is m composite?
True
Let t be ((-19)/3 + 2)/((-28)/(-84)). Let l(j) = -2*j**3 - 3*j**2 + 25*j - 17. Is l(t) a prime number?
False
Suppose -3*u = 4*n - 310373, 413868 = 4*u + 223*n - 227*n. Is u prime?
False
Suppose 5*y - 14730591 = 2*b, -95*b = -4*y - 93*b + 11784472. Is y a composite number?
True
Let r(l) = l - 9. Let i be r(13). Let d = -346 + 348. Suppose -a = -m + a + 3681, i*m = -d*a + 14774. Is m prime?
True
Let a(m) be the third derivative of -3345*m**4/8 + 94*m**3/3 + 11*m**2 + 5*m. Is a(-3) composite?
False
Suppose 6 = 2*x + 2. Suppose 5*d = k + 115, x*k + d = -128 - 146. Let n = 224 + k. Is n prime?
True
Suppose -92*y + 89*y + 129111 = 0. Is y prime?
True
Suppose 5*u = 3*p - 35, 3*u + 19 = 3*p - 8. Is -4 + 5441*(u + (-5)/(-1)) composite?
False
Let l be (-2)/(-1*2/12*3). Suppose 3*h + 173 = l*c + 2580, 4030 = 5*h - 3*c. Is h composite?
False
Let x(m) be the second derivative of m - 11/6*m**3 - 53/2*m**2 + 0. Is x(-24) a composite number?
False
Let q = 32711 - 10168. Is q composite?
False
Is 1/(-2) + 5803576/16 - (2 + 4) a prime number?
True
Let r = 1232 - 3806. Let q be r/(-10) - (-4)/(-10). Suppose -x - 2*j + q = 0, 5*x = -4*j + 583 + 684. Is x prime?
True
Let c = 33439 - -5202. Is c composite?
True
Let x = 124 + -516. Is (-98)/x + 2835/4 composite?
False
Let n(o) = -33*o - 19*o**2 - 7*o**2 - 23 - 14 - o**3. Is n(-27) a prime number?
True
Let s(k) = 3*k**3 + 2*k**2 - 1. Let v be s(1). Suppose -4*t - 4*c + 3491 = -4133, 5*c - 7629 = -v*t. Is t composite?
False
Let p = -49 - 120. Let f = 2012 - p. Is f composite?
True
Let g = 90866 - 37119. Is g a composite number?
True
Suppose -17*k + 14 - 116 = 0. Is 7108*(k - (-78)/12) composite?
True
Let a = 258546 - 169969. Is a a composite number?
True
Let x be (-75103)/(-9) - 4/(-18). Suppose -m + 2*r - 1 = -7, 3*r - 4 = -5*m. Suppose -f + 4*f - 3*l - 8349 = 0, -m*l = -3*f + x. Is f prime?
False
Let d = -142 - -151. Suppose 1234 + 1889 = 3*n + 2*v, 3*v = d. Is n a prime number?
True
Let u = -51086 + 75367. Is u a composite number?
False
Let z(h) = 27*h**2 - 20*h + 784. Is z(33) a prime number?
True
Suppose 4*k - 4 = 8. Suppose -5*b - k + 13 = 0. Suppose 2*l - 262 = -y, -6*l = -b*l - y - 536. Is l a composite number?
True
Let j(x) be the third derivative of 19*x**5/60 + 5*x**4/6 + 71*x**3/6 + 13*x**2. Is j(-6) a composite number?
True
Let s(x) = -16*x**2 + 24*x + 14. Let v be s(-7). Let d = 3803 - v. Is d a prime number?
False
Let w be -34*7508/(-32) + (-10)/8. Let v = 16059 - w. Is v composite?
True
Let w = -17992 + -8177. Let d = -13076 - w. Is d composite?
False
Is (0 - 4)*359820736/(-2816) a prime number?
True
Is (-508087)/(-2 + 20 + -19) composite?
False
Is (-3)/18 + 8746175/30 + 0/(-1) composite?
False
Let g = -56 + 50. Let r be 2/g - ((-4930)/(-15) - 1). Let o = -137 - r. Is o a composite number?
False
Let b(n) = -4*n**2 + 106*n - 92*n + 2*n**2 - 30. Let i be b(16). Let p = i + 1120. Is p prime?
False
Suppose -80020 - 2762 = -3*z + 3*y, 0 = -5*z - 2*y + 137963. Is z a composite number?
True
Suppose 11*n - 2*o = 8*n + 11, -3*n + 25 = 5*o. Suppose 3*a + 5*f - 55167 = a, -n*a + 137902 = -3*f. Is a composite?
False
Let b(p) = -8*p**2 - 12*p + 13*p**2 - 7*p**2 - 5. Let x be b(-5). Is (-1)/2*-22*x a prime number?
False
Suppose -24619 + 416447 = 23*j. Suppose m + 2*k = 17039, 5*k - j = -24*m + 23*m. Is m composite?
False
Suppose 5*y = 67955 - 24000. Suppose -3*u - 5*q + y = 0, 9*u + 5862 = 11*u + 4*q. Is u a prime number?
True
Suppose t + 56 = 5*s + 9, -2*s + 4*t = -26. Let b(p) = 7*p - 10*p + 9*p + s*p - 58. Is b(21) a prime number?
True
Suppose -31 = -5*s - 21. Suppose -x - 3*x = s*v - 2366, 0 = -2*x + 2. Suppose 10*f = 3531 - v. Is f a prime number?
False
Suppose 4060730 = 17*m + 1109241. Is m composite?
False
Suppose l + 5*i = 22, -l - 2 = -i - 2*i. Suppose -5*p - 13948 = -l*p. Suppose 5*n = -3*m + p, -2*m + 3*n = -2787 - 1894. Is m composite?
False
Let i(t) = t + 16. Let l(u) = -13*u**2 + 2*u - 3. Let k be l(1). Let h be i(k). Suppose 2*v + v - 765 = -h*b, -3*b = 2*v - 505. Is v a prime number?
True
Let g = -100337 + 177796. Is g prime?
False
Suppose l - 7*z = -2*z + 1057, 4*l - 4212 = 4*z. Suppose 1057*y = l*y + 155455. Is y prime?
True
Let x(r) = -32134*r + 599. Is x(-11) composite?
False
Let r(d) = -14*d**2 + 4*d + 8. Let i(y) = -y + 1. Let l(f) = 2*i(f) - r(f). Let q be l(-12). Suppose 44*p = 38*p + q. Is p composite?
False
Let z(s) = 2*s**2 + 21*s + 8. Let k(a) = -a**2 - 10*a - 4. Let i(o) = 5*k(o) + 2*z(o). Let r be i(-7). Suppose -r*w = 3*w - 5730. Is w composite?
True
Let f(w) = w**3 + 21*w**2 - w - 12. Let m be f(-21). Suppose 0 = -m*r + 14*r + 25. Is r/(-25) + (-6308)/(-10) a composite number?
False
Let z(w) = w**2 + 4*w + 8. Let v be z(-4). Let m = 13 - v. Suppose m*s = 1249 + 1096. Is s a composite number?
True
Suppose z - 502 - 630 = 0. Suppose 0 = -4*f + 12268 + z. Suppose -5*s + 2*d + 17682 - 911 = 0, s + d = f. Is s prime?
False
Let b = 869287 - 403142. Is b a composite number?
True
Let y = 295 - 325. Is ((-11708)/(-6))/(y/(-45)) prime?
True
Let m(t) = 15*t**2 - 5 - 235*t**3 + 6*t**2 + 7*t**2 - 23*t**2. Is m(-3) a prime number?
False
Suppose 0 = 159*k - 147*k - 1829544. Is k prime?
False
Let i be ((-3)/1)/(-1*7/35). Suppose -5*x + i = -3*a, -2*x = -5*x - 4*a + 38. Suppose 318 + 156 = x*d. Is d prime?
True
Suppose -4*k - 642*b + 3353387 = -645*b, -3*k + 2515035 = -4*b. Is k a composite number?
False
Is 67039*((-620)/70 + 9) prime?
False
Let f = -121 + 114. Is -26*((-2)/f - 2049/42) prime?
False
Suppose 0 = -5*l + 4*v, 19*l - 4*v = 23*l. Suppose l = 3*r - 0*t - t - 4072, -r + t = -1358. Is r composite?
True
Suppose 12 = 4*q, -5*s + 5*q - 26895 = -180665. Is s prime?
True
Suppose -v + 4*u + 24 = 0, u = 1 - 6. Let x be 2/6 - 1361/(-3). Suppose v*q - 2*a = 2798 - x, -5*q = -3*a - 2929. Is q prime?
True
Let q = -39778 + 242249. Is q composite?
False
Let z(r) = 96657*r**2 + 29*r + 37. Is z(-1) a prime number?
False
Suppose 0 = 3*h + 2*a - 138046 - 83411, -4*a = h - 73819. Is h prime?
True
Is (-5)/(-15)*(1437193 - -2) + -1 + -5 a composite number?
True
Let j be (1 - 3) + (2 - (-364 - -2)). Suppose -j + 63284 = 6*x. Is x a prime number?
True
Let r be (-4)/(-2)*(-15)/(-10). Suppose 0*d + 3*d + 9 = -r*m, -4*m = -5*d - 6. Is m/2 + ((-7755)/(-10) - -4) a composite number?
True
Let a = -62475 + 123212. Is a a prime number?
True
Let f(g) = -g**3 + 8*g**2 + 23*g + 13. Let m be f(12). Let w = 1516 + m. Is w a composite number?
False
Suppose -3*p + 123 = 135. Is (-15)/12 - 6061/p composite?
True
Let l(u) = -32*u + 398179. Is l(0) a prime number?
False
Suppose 4768 = 162*v - 163*v. Let n = v + 7731. Is n a composite number?
False
Suppose -h + 0*s - 2*s - 60 = 0, -55 = h - 3*s. Suppose 0 = -595*k + 592*k + 585. Let p = k - h. Is p a prime number?
False
Suppose 3*v - 10289077 = -